 the prime factors of a?
2, 17
Let q = -2713 - -12861. List the prime factors of q.
2, 43, 59
Suppose 20*r - 9*r = 528. What are the prime factors of r/(-120) + (-4324)/(-10)?
2, 3
Suppose -52*h - 120999 = -553743. What are the prime factors of h?
2, 3, 19, 73
Let a(x) = x**3 + 8*x**2 + 9*x + 10. Let g be a(-7). List the prime factors of 12510/70 - g/14.
179
Let q be 3 - (-1)/((-5)/(-20)). Suppose 2*j + q*x - 9*x - 780 = 0, -5*x = -j + 398. List the prime factors of j.
2, 97
Let g(h) = -22*h - 84. Let l be g(10). Suppose 1546 = 3*r + 2*a, 0 = -2*r - a + 137 + 894. Let m = l + r. List the prime factors of m.
2, 53
List the prime factors of (180 + -69)/(6*4/1432).
37, 179
List the prime factors of -20 + (-2117760)/(-75) - (-4)/(-5).
2, 3527
Suppose -2*d - 623 = -9*d. Suppose -3*j + 20 = -2*o + d, 5*o - 192 = j. List the prime factors of o + 2 + -5 - -4.
2, 5
Let y = 19564 - -18254. What are the prime factors of y?
2, 3, 11, 191
Let o(u) = -9*u + 2. Let p be o(4). Let l = p + 678. List the prime factors of l.
2, 7, 23
Let w be ((-6)/(-7))/(6/(-42)). Let i be (3 + w)/(-3) - (0 - 335). Suppose 13*b - i = 9*b. What are the prime factors of b?
2, 3, 7
Let r be 3 - (-4 + (-16)/(-4)). Suppose -4*k - r*k = 14. List the prime factors of (-2)/(40/(-716)) + k/(-10).
2, 3
Let t = 11230 - 4367. What are the prime factors of t?
6863
Suppose 18*k - 128061 = 12*k - 11*k. List the prime factors of k.
3, 31
Suppose -2*l + 6 = 0, -8667 = -2*v - 2*l + 2779. Suppose 13*j = 3*j + v. List the prime factors of j.
2, 11, 13
Let d = 10 + -8. Let z be 2530/(-33) + 8/12. List the prime factors of (-2)/(-4)*d - z.
7, 11
Let r(a) = 286*a + 20017. What are the prime factors of r(0)?
37, 541
Suppose 2*a = -4*q - 120, 6*a - 10*a = 3*q + 215. What are the prime factors of (-51020)/a - 6 - (-4)/(-10)?
2, 3, 13
List the prime factors of (684/168*2 - 9)*7*-2671.
2, 3, 2671
What are the prime factors of (19 + -21)/((-27)/(-54)*(-4)/28723)?
28723
Suppose 0 = 3*s - 17 + 824. Let v be 1/2 + 22815/54. Let d = v + s. What are the prime factors of d?
2, 7, 11
Suppose -3*w = w - 8. Suppose 4*x + 2*g - 282 = -24, -w*x = -5*g - 111. Suppose -3*p = z - 31 - 4, 5*p + x = 3*z. What are the prime factors of z?
2, 13
Let y = -29 + 45. Suppose -o - 3*v = -y, -o + 9 = 2*v - 4. Let j(b) = 23*b - 43. What are the prime factors of j(o)?
2, 59
Let z = 69 + -69. Suppose 2*b + 5*u = 10, -2*u + 0*u = z. Suppose 0*l = b*l - 485. What are the prime factors of l?
97
Suppose 0 = -5*h + 4*q + 1560, -10*q + 7*q = -4*h + 1248. Suppose 4*m - 160 - h = 0. List the prime factors of m.
2, 59
Let y be 457/17 - 122/(-1037). Suppose 0 = -y*p + 14326 + 30575. What are the prime factors of p?
1663
Suppose -45*w = -52*w - 105. List the prime factors of -12*5/w + 1014.
2, 509
Suppose 5*v - 48*z = -52*z + 40874, -4*v + 6*z = -32736. List the prime factors of v.
2, 3, 29, 47
Let n be (-22)/143 - 82/(-26). Let w be 36/n*6/(-27)*-3. List the prime factors of (-590)/(-6) - (w/6)/(-2).
3, 11
Let d(n) = 869*n**2 + 158*n + 459. What are the prime factors of d(-3)?
2, 3, 1301
Let x(f) = f**3 + 34*f**2 - 30*f - 82. Let m be x(-33). Let r = m - 921. List the prime factors of r.
2, 269
Let v be 8 + -5 + -7 + -336. Let c = 950 + v. What are the prime factors of c?
2, 5, 61
Let p = 2 - -3. Let f(h) = -3*h**2 - 100*h - 757. Let r be f(-12). Suppose r*y = p*y + 1056. List the prime factors of y.
2, 11
Let r be (-3690)/(-60) + 1/(-2). Suppose 74*m = r*m + 15171. List the prime factors of m.
3, 389
Let f(b) = b**3 - 13*b**2 - b + 23. Let h be ((-11)/22)/(1/(-26)). List the prime factors of f(h).
2, 5
Suppose 2*a - 3 = -4*u - 7, 5*a - 2*u - 14 = 0. Let y be (-506)/(-6) + -6*10/180. Suppose -38 - 1 = -x + a*o, 3*x + 5*o = y. List the prime factors of x.
3, 11
Let o(d) = 16*d**2 - 87*d - 852. What are the prime factors of o(-9)?
3, 409
Suppose 0 = 140*p - 49072 - 127748. List the prime factors of p.
3, 421
Suppose 5*z = 6*x - 5*x + 57304, -2*x = -4*z + 45836. What are the prime factors of z?
2, 11, 521
Let u = -27516 + 56931. List the prime factors of u.
3, 5, 37, 53
Let h(r) = 676*r + 89. What are the prime factors of h(9)?
6173
Let k = -29 - -28. Let r(z) = 4*z**2 + 3*z + 2. Let i be r(k). Suppose -3*q = i*o - 201, -5*q + 315 = o - 0*o. What are the prime factors of q?
2, 31
What are the prime factors of 345534/301 + 2/43?
2, 7, 41
Let d = 85 + -82. Suppose -11*i - 46 = -t - 16*i, -d*t + 198 = -5*i. List the prime factors of t.
61
Let b(z) = -z**2 - 16*z - 11. Let w be b(-15). Let u be w/((-5)/((-75)/6)). What are the prime factors of (26/u + -1)/((-18)/(-855))?
2, 19
Suppose x = -4*q + 46539, -5*q + 13*x = -84948 + 26874. What are the prime factors of q?
11633
Let j(y) = -16*y. Let l be j(0). Suppose 521 = a - 0*a. Suppose 3*i - 519 = -5*t + t, -4*t - 5*i + a = l. What are the prime factors of t?
3, 43
Let h(t) = 4*t**3 + 27*t + 46896. What are the prime factors of h(0)?
2, 3, 977
Let p(b) = 30*b**3 + 2*b**2 + b + 1. Let o(r) = -60*r**3 - 5*r**2 - 2*r - 1. Let d(a) = -2*o(a) - 5*p(a). List the prime factors of d(-2).
239
What are the prime factors of ((-156888)/(-432))/((4/312)/1)?
13, 2179
Suppose -8473*t - 133840 = -8483*t. What are the prime factors of t?
2, 7, 239
Let y(w) = 427*w**2 - 40*w + 56. List the prime factors of y(-5).
17, 643
Let p(q) = -q**2 + 4*q - 1. Let f be p(4). Let y be 120 - -22 - (-2 + (-1 - f)). Let a = y + -126. List the prime factors of a.
2, 3
Let g(y) = 526*y**2 - 2*y + 2. Let q = 113 + -112. What are the prime factors of g(q)?
2, 263
Suppose -r + 5045 = 17*q - 16*q, 2*q = 8*r - 40390. List the prime factors of r.
2, 631
Suppose 6*u - 460635 = -3*x, -101889 + 25112 = -u - 2*x. List the prime factors of u.
76771
Suppose 316 = 5*s - 284. Let w = -104 + s. List the prime factors of w.
2
Suppose -13*p + 60 = 8. What are the prime factors of 1038*6/p*12/36?
3, 173
Suppose -81 - 33 = 19*p. Let o(c) = 12*c**2 - 9*c - 69. List the prime factors of o(p).
3, 139
Let w = 386 + -576. Let s = w + 747. List the prime factors of s.
557
Let i(a) = 6*a**3 + 26*a**2 + 40*a + 3. Let u(w) = -7*w**3 - 27*w**2 - 40*w - 3. Let f(o) = -6*i(o) - 5*u(o). List the prime factors of f(-20).
397
Let l(o) = 683*o**2 + 45*o - 114. What are the prime factors of l(3)?
2, 3, 257
Let n(h) = h**2 + 12*h + 4. Let z be n(-11). Let w(j) = 3*j**2 - 9*j - 19. List the prime factors of w(z).
191
Let s(h) = -2*h + 26. Let c be s(11). Suppose c = 2*r + 2*r. Suppose -4*d = m + 68 - 185, -d - r = 0. List the prime factors of m.
11
Let l be (-4)/(-2) + (-6)/3. Suppose 3*t + 4*t - 14 = l. Suppose 2*m = -t*m + 248. List the prime factors of m.
2, 31
List the prime factors of (-96 + -11 - -24)*-587.
83, 587
Let b(l) = 26*l**2 - 390*l - 199. What are the prime factors of b(-21)?
19457
Suppose 0 = -14*c + 19*c - 15. Suppose 5*i + 4*y = 2*y + 20, 0 = -c*i + y + 1. What are the prime factors of 21/i*(-130)/(-15)?
7, 13
Let f(g) = -g**3 + 11*g**2 + 12*g. Let j(k) = 6*k - 110. Let l be j(20). List the prime factors of f(l).
2, 5, 11
Let p(b) = -5*b - 23*b**2 + 24*b**2 - 10 - 4 - 2. Let l be (-66)/10 + (-2)/10*2. What are the prime factors of p(l)?
2, 17
What are the prime factors of 4329/13*27 + 7 + -7?
3, 37
List the prime factors of 1*2 - (-7590 - (-224)/8).
2, 31, 61
Let j(o) = 2*o**2 + 39*o + 69. Let g = 295 - 326. List the prime factors of j(g).
2, 17, 23
Let f(s) = -8*s**3 + s**2 + 3*s + 1. Let y = -169 + 165. List the prime factors of f(y).
11, 47
Suppose 0 = -4*c - r - 40, 4*r + r = 2*c - 2. Let w(u) = -u**3 - 10*u**2 - 23*u - 9. What are the prime factors of w(c)?
3, 13
Suppose 2*r - 669 = x, -r - 4*r + 1667 = 3*x. Suppose r = -4*a - 494. Let u = a + 300. What are the prime factors of u?
3, 31
Suppose 151556*o + 68996 = 151560*o. What are the prime factors of o?
47, 367
Let d(v) = 106*v - 11. Let x be d(5). Suppose n + 5*l + 663 = -n, -5*l - 1007 = 3*n. Let p = n + x. What are the prime factors of p?
5, 7
Suppose -3*z = -2*q - 55, 12*z = 10*z - 2*q + 30. What are the prime factors of (-132)/(((-153)/90)/z)?
2, 3, 5, 11
Let h = 9047 + 49697. List the prime factors of h.
2, 7, 1049
Suppose -6*f - 66 = -3*f. Let i be 3/(f/25 - -1). List the prime factors of 395/(1 - 0)*10/i.
2, 79
Let h = 50 + -58. Let o be (0 + 25)/(h/(-24)). Let k = o + -25. List the prim